1537.
3, 737179
What are the prime factors of 14698053?
3, 1633117
List the prime factors of 3736657.
43, 67, 1297
List the prime factors of 80262.
2, 3, 7, 13
List the prime factors of 205291.
29, 7079
What are the prime factors of 13195207?
13195207
List the prime factors of 14307964.
2, 11, 325181
What are the prime factors of 240417?
3, 26713
What are the prime factors of 3071759?
31, 99089
What are the prime factors of 1328446?
2, 7, 94889
List the prime factors of 386756.
2, 31, 3119
What are the prime factors of 13883999?
107, 129757
What are the prime factors of 15850593?
3, 11, 83, 643
List the prime factors of 1485922.
2, 41, 18121
List the prime factors of 1033251.
3, 344417
What are the prime factors of 2718864?
2, 3, 79, 239
List the prime factors of 128129.
17, 7537
What are the prime factors of 7564026?
2, 3, 241, 5231
What are the prime factors of 4967435?
5, 11, 37, 2441
What are the prime factors of 434235?
3, 5, 28949
What are the prime factors of 84876?
2, 3, 11, 643
What are the prime factors of 786134?
2, 41, 9587
What are the prime factors of 171376?
2, 10711
List the prime factors of 807896.
2, 100987
List the prime factors of 209176.
2, 11, 2377
What are the prime factors of 1455638?
2, 389, 1871
What are the prime factors of 2169351?
3, 41, 5879
List the prime factors of 110807.
110807
What are the prime factors of 2462525?
5, 13, 7577
What are the prime factors of 877130?
2, 5, 239, 367
List the prime factors of 160050.
2, 3, 5, 11, 97
List the prime factors of 545385.
3, 5, 103, 353
What are the prime factors of 787460?
2, 5, 39373
What are the prime factors of 1160550?
2, 3, 5, 2579
List the prime factors of 216676.
2, 19, 2851
What are the prime factors of 8210913?
3, 1361, 2011
List the prime factors of 86131.
86131
List the prime factors of 675769.
31, 21799
What are the prime factors of 83561?
83561
List the prime factors of 5113382.
2, 149, 17159
List the prime factors of 4072557.
3, 29, 46811
What are the prime factors of 8726587?
8726587
What are the prime factors of 9616151?
9616151
List the prime factors of 17033363.
23, 740581
List the prime factors of 601050.
2, 3, 5, 4007
What are the prime factors of 140602?
2, 7, 11, 83
List the prime factors of 1762760.
2, 5, 127, 347
List the prime factors of 2912596.
2, 317, 2297
List the prime factors of 569269.
569269
List the prime factors of 12582013.
12582013
List the prime factors of 9960391.
7, 43, 33091
List the prime factors of 357053.
277, 1289
What are the prime factors of 15020?
2, 5, 751
What are the prime factors of 39324008?
2, 4915501
List the prime factors of 292496.
2, 101, 181
What are the prime factors of 419203?
17, 24659
What are the prime factors of 535907?
199, 2693
What are the prime factors of 73395?
3, 5, 7, 233
List the prime factors of 359547.
3, 119849
List the prime factors of 1657321.
29, 57149
What are the prime factors of 23678096?
2, 13, 113837
List the prime factors of 10534210.
2, 5, 1053421
What are the prime factors of 126831?
3, 67, 631
List the prime factors of 276957.
3, 30773
What are the prime factors of 132367?
132367
List the prime factors of 1863586.
2, 53, 17581
List the prime factors of 642208.
2, 7, 47, 61
What are the prime factors of 3412105?
5, 682421
What are the prime factors of 943882?
2, 19, 59, 421
What are the prime factors of 130584?
2, 3, 5441
What are the prime factors of 555516?
2, 3, 13, 1187
List the prime factors of 262104.
2, 3, 67, 163
What are the prime factors of 92320?
2, 5, 577
What are the prime factors of 575104?
2, 4493
List the prime factors of 371272.
2, 11, 4219
What are the prime factors of 9216535?
5, 79, 23333
What are the prime factors of 481094?
2, 41, 5867
List the prime factors of 2509372.
2, 317, 1979
List the prime factors of 1052184.
2, 3, 7, 6263
What are the prime factors of 9409391?
271, 34721
List the prime factors of 418596.
2, 3, 34883
What are the prime factors of 90507?
3, 30169
What are the prime factors of 594748?
2, 7, 11, 1931
List the prime factors of 88459.
7, 12637
What are the prime factors of 112318?
2, 89, 631
What are the prime factors of 1625457?
3, 53, 10223
What are the prime factors of 2904027?
3, 7, 61, 2267
List the prime factors of 250377.
3, 83459
What are the prime factors of 1205444?
2, 301361
What are the prime factors of 2451150?
2, 3, 5, 13, 419
List the prime factors of 21712702.
2, 11, 986941
List the prime factors of 23039899.
607, 37957
List the prime factors of 27898383.
3, 229, 40609
What are the prime factors of 4726215?
3, 5, 13, 2693
What are the prime factors of 265790?
2, 5, 7, 3797
List the prime factors of 3791460.
2, 3, 5, 29, 2179
List the prime factors of 833855.
5, 11, 15161
What are the prime factors of 4955334?
2, 3, 825889
What are the prime factors of 69629?
7, 29
List the prime factors of 212123.
212123
List the prime factors of 11048213.
11, 83, 12101
List the prime factors of 2098869.
3, 241, 2903
What are the prime factors of 14120636?
2, 3530159
List the prime factors of 335635.
5, 19, 3533
List the prime factors of 249871.
249871
List the prime factors of 577523.
577523
List the prime factors of 361369.
17, 29, 733
List the prime factors of 900073.
29, 41, 757
List the prime factors of 2156504.
2, 7, 97, 397
What are the prime factors of 726491?
163, 4457
What are the prime factors of 9447136?
2, 37, 79, 101
List the prime factors of 997.
997
What are the prime factors of 1222002?
2, 3, 29, 2341
List the prime factors of 25340494.
2, 12670247
What are the prime factors of 89465?
5, 29, 617
What are the prime factors of 3875945?
5, 775189
What are the prime factors of 1168432?
2, 103, 709
What are the prime factors of 3046527?
3, 11, 30773
List the prime factors of 130284.
2, 3, 7, 11, 47
List the prime factors of 8507496.
2, 3, 354479
What are the prime factors of 5678418?
2, 3, 41, 563
What are the prime factors of 205110?
2, 3, 5, 43, 53
List the prime factors of 1482053.
1482053
List the prime factors of 25791965.
5, 5158393
List the prime factors of 8082884.
2, 2020721
List the prime factors of 6107608.
2, 13, 58727
What are the prime factors of 461654?
2, 230827
What are the prime factors of 571491?
3, 63499
What are the prime factors of 722992?
2, 73, 619
What are the prime factors of 3943414?
2, 1971707
List the prime factors of 401959.
401959
List the prime factors of 359533.
17, 21149
List the prime factors of 334477.
11, 13, 2339
List the prime factors of 1275405.
3, 5, 85027
What are the prime factors of 851785?
5, 11, 17, 911
List the prime factors of 2337613.
2337613
List the prime factors of 292279.
13, 22483
List the prime factors of 18564738.
2, 3, 3094123
List the prime factors of 531986.
2, 7, 13, 37, 79
What are the prime factors of 18631835?
5, 41, 90887
What are the prime factors of 800312?
2, 71, 1409
List the prime factors of 490884.
2, 3, 19, 2153
What are the prime factors of 821011?
107, 7673
What are the prime factors of 8722013?
149, 58537
List the prime factors of 100728.
2, 3, 1399
List the prime factors of 773036.
2, 11, 17569
What are the prime factors of 398938?
2, 173, 1153
List the prime factors of 136690.
2, 5, 13669
List the prime factors of 20070062.
2, 10035031
What are the prime factors of 8143241?
79, 103079
List the prime factors of 6673019.
853, 7823
List the prime factors of 79440.
2, 3, 5, 331
List the prime factors of 38592.
2, 3, 67
List the prime factors of 1421109.
3, 157901
List the prime factors of 1966449.
3, 347, 1889
What are the prime factors of 2301972?
2, 3, 191831
List the prime factors of 3330966.
2, 3, 19, 61, 479
List the prime factors of 1090027.
1090027
List the prime factors of 2404601.
601, 4001
List the prime factors of 2926134.
2, 3, 162563
What are the prime factors of 36162728?
2, 7, 645763
What are the prime factors of 145591?
41, 53, 67
What are the prime factors of 405712?
2, 25357
List the prime factors of 1675647.
3, 137, 151
What are the prime factors of 53893?
7, 7699
List the prime factors of 180862.
2, 11, 8221
List the prime factors of 20033.
13, 23, 67
List the prime factors of 529262.
2, 264631
What are the prime factors of 17871782?
2, 23, 107, 3631
What are the prime factors of 69465?
3, 5, 11, 421
What are the prime factors of 199107